{"id":7417,"date":"2020-01-28T14:55:09","date_gmt":"2020-01-28T13:55:09","guid":{"rendered":"http:\/\/www.auxsons.com\/?post_type=album&#038;p=7417"},"modified":"2020-01-28T14:55:09","modified_gmt":"2020-01-28T13:55:09","slug":"mandolin-orchestra","status":"publish","type":"album","link":"https:\/\/www.auxsons.com\/en\/album\/mandolin-orchestra\/","title":{"rendered":"Mandolin\u2019 Orchestra"},"content":{"rendered":"<p>Apr\u00e8s Chimie Vivante, F\u00e9loche revient le 14 f\u00e9vrier avec l\u2019album Mandolin\u2019 Orchestra sur lequel il est accompagn\u00e9 d\u2019un orchestre de mandolines pour revisiter les meilleurs titres de son r\u00e9pertoire. Il reprend pour l\u2019occasion Chic Plan\u00e8te, le titre de l\u2019Affaire Louis\u2019 Trio.<\/p>\n<p><em><span class=\"dquo\">\u201c<\/span>Quand j\u2019\u00e9tais petit, j\u2019\u00e9tais fan de L\u2019Affaire Louis Trio, j\u2019adorais voir Hubert Mounier danser comme un fou sur sa chanson Chic Plan\u00e8te. \u201cDansons dessus ! Mettons-nous tous nus !\u201d C\u2019\u00e9tait fun et l\u00e9ger, c\u2019\u00e9tait les ann\u00e9es 80, on buvait du Tang, le plastique \u00e9tait encore fantastique, on \u00e9tait insouciants\u2026 Inconscients&nbsp;!<br>\nY\u2019a quelques mois, je suis retomb\u00e9 dessus (s\u00fbrement pour la faire \u00e9couter \u00e0 mon fiston et rigoler avec lui)\u2026 Et l\u00e0 <span class=\"caps\">BIM<\/span> !! J\u2019me suis pris le texte dans la face\u2026 Je venais de red\u00e9couvrir une des plus belles chansons jamais \u00e9crites sur notre \u201cchic\u201d plan\u00e8te.\u2026 alors il fallait bien que je la lui chante \u00e0 mon&nbsp;gamin&nbsp;!\u201d<\/em><\/p>\n","protected":false},"excerpt":{"rendered":"<p>F\u00e9loche revient le 14 f\u00e9vrier avec l\u2019album Mandolin\u2019 Orchestra sur lequel il est accompagn\u00e9 d\u2019un orchestre de mandolines pour jouer ses succ\u00e8s et des belles reprises comme Chic Plan\u00e8te de l\u2019Affaire Louis\u2019 Trio<\/p>\n","protected":false},"author":152,"featured_media":7418,"template":"","meta":{"_acf_changed":false,"wp_typography_post_enhancements_disabled":false,"footnotes":""},"class_list":["post-7417","album","type-album","status-publish","has-post-thumbnail","hentry"],"acf":[],"yoast_head":"<!-- This site is optimized with the Yoast SEO plugin v27.5 - https:\/\/yoast.com\/product\/yoast-seo-wordpress\/ -->\n<title>Mandolin&#039; Orchestra - #AuxSons<\/title>\n<meta name=\"description\" content=\"F\u00e9loche revient le 14 f\u00e9vrier avec l&#039;album Mandolin&#039; Orchestra sur lequel il est accompagn\u00e9 d&#039;un orchestre de mandolines pour jouer ses succ\u00e8s\" \/>\n<meta name=\"robots\" content=\"index, follow, max-snippet:-1, max-image-preview:large, max-video-preview:-1\" \/>\n<link rel=\"canonical\" href=\"https:\/\/www.auxsons.com\/en\/album\/mandolin-orchestra\/\" \/>\n<meta property=\"og:locale\" content=\"en_US\" \/>\n<meta property=\"og:type\" content=\"article\" \/>\n<meta property=\"og:title\" content=\"Mandolin&#039; Orchestra - #AuxSons\" \/>\n<meta property=\"og:description\" content=\"F\u00e9loche revient le 14 f\u00e9vrier avec l&#039;album Mandolin&#039; Orchestra sur lequel il est accompagn\u00e9 d&#039;un orchestre de mandolines pour jouer ses succ\u00e8s\" \/>\n<meta property=\"og:url\" content=\"https:\/\/www.auxsons.com\/en\/album\/mandolin-orchestra\/\" \/>\n<meta property=\"og:site_name\" content=\"#AuxSons\" \/>\n<meta property=\"article:publisher\" content=\"https:\/\/www.facebook.com\/auxsons\/\" \/>\n<meta property=\"og:image\" content=\"https:\/\/www.auxsons.com\/wp-content\/uploads\/2020\/01\/feloche_mandolinorchestra2.jpg\" \/>\n\t<meta property=\"og:image:width\" content=\"1500\" \/>\n\t<meta property=\"og:image:height\" content=\"1500\" \/>\n\t<meta property=\"og:image:type\" content=\"image\/jpeg\" \/>\n<meta name=\"twitter:card\" content=\"summary_large_image\" \/>\n<meta name=\"twitter:site\" content=\"@auxsons\" \/>\n<meta name=\"twitter:label1\" content=\"Est. reading time\" \/>\n\t<meta name=\"twitter:data1\" content=\"1 minute\" \/>\n<script type=\"application\/ld+json\" class=\"yoast-schema-graph\">{\"@context\":\"https:\\\/\\\/schema.org\",\"@graph\":[{\"@type\":\"WebPage\",\"@id\":\"https:\\\/\\\/www.auxsons.com\\\/en\\\/album\\\/mandolin-orchestra\\\/\",\"url\":\"https:\\\/\\\/www.auxsons.com\\\/en\\\/album\\\/mandolin-orchestra\\\/\",\"name\":\"Mandolin' Orchestra - #AuxSons\",\"isPartOf\":{\"@id\":\"https:\\\/\\\/www.auxsons.com\\\/en\\\/#website\"},\"primaryImageOfPage\":{\"@id\":\"https:\\\/\\\/www.auxsons.com\\\/en\\\/album\\\/mandolin-orchestra\\\/#primaryimage\"},\"image\":{\"@id\":\"https:\\\/\\\/www.auxsons.com\\\/en\\\/album\\\/mandolin-orchestra\\\/#primaryimage\"},\"thumbnailUrl\":\"https:\\\/\\\/www.auxsons.com\\\/wp-content\\\/uploads\\\/2020\\\/01\\\/feloche_mandolinorchestra2.jpg\",\"datePublished\":\"2020-01-28T13:55:09+00:00\",\"description\":\"F\u00e9loche revient le 14 f\u00e9vrier avec l'album Mandolin' Orchestra sur lequel il est accompagn\u00e9 d'un orchestre de mandolines pour jouer ses succ\u00e8s\",\"breadcrumb\":{\"@id\":\"https:\\\/\\\/www.auxsons.com\\\/en\\\/album\\\/mandolin-orchestra\\\/#breadcrumb\"},\"inLanguage\":\"en-US\",\"potentialAction\":[{\"@type\":\"ReadAction\",\"target\":[\"https:\\\/\\\/www.auxsons.com\\\/en\\\/album\\\/mandolin-orchestra\\\/\"]}]},{\"@type\":\"ImageObject\",\"inLanguage\":\"en-US\",\"@id\":\"https:\\\/\\\/www.auxsons.com\\\/en\\\/album\\\/mandolin-orchestra\\\/#primaryimage\",\"url\":\"https:\\\/\\\/www.auxsons.com\\\/wp-content\\\/uploads\\\/2020\\\/01\\\/feloche_mandolinorchestra2.jpg\",\"contentUrl\":\"https:\\\/\\\/www.auxsons.com\\\/wp-content\\\/uploads\\\/2020\\\/01\\\/feloche_mandolinorchestra2.jpg\",\"width\":1500,\"height\":1500},{\"@type\":\"BreadcrumbList\",\"@id\":\"https:\\\/\\\/www.auxsons.com\\\/en\\\/album\\\/mandolin-orchestra\\\/#breadcrumb\",\"itemListElement\":[{\"@type\":\"ListItem\",\"position\":1,\"name\":\"Accueil\",\"item\":\"https:\\\/\\\/www.auxsons.com\\\/en\\\/\"},{\"@type\":\"ListItem\",\"position\":2,\"name\":\"Albums\",\"item\":\"https:\\\/\\\/www.auxsons.com\\\/en\\\/album\\\/\"},{\"@type\":\"ListItem\",\"position\":3,\"name\":\"Mandolin&#8217; Orchestra\"}]},{\"@type\":\"WebSite\",\"@id\":\"https:\\\/\\\/www.auxsons.com\\\/en\\\/#website\",\"url\":\"https:\\\/\\\/www.auxsons.com\\\/en\\\/\",\"name\":\"#AuxSons\",\"description\":\"Musiques &amp; Vibrations du Monde\",\"publisher\":{\"@id\":\"https:\\\/\\\/www.auxsons.com\\\/en\\\/#organization\"},\"potentialAction\":[{\"@type\":\"SearchAction\",\"target\":{\"@type\":\"EntryPoint\",\"urlTemplate\":\"https:\\\/\\\/www.auxsons.com\\\/en\\\/?s={search_term_string}\"},\"query-input\":{\"@type\":\"PropertyValueSpecification\",\"valueRequired\":true,\"valueName\":\"search_term_string\"}}],\"inLanguage\":\"en-US\"},{\"@type\":\"Organization\",\"@id\":\"https:\\\/\\\/www.auxsons.com\\\/en\\\/#organization\",\"name\":\"#AuxSons\",\"url\":\"https:\\\/\\\/www.auxsons.com\\\/en\\\/\",\"logo\":{\"@type\":\"ImageObject\",\"inLanguage\":\"en-US\",\"@id\":\"https:\\\/\\\/www.auxsons.com\\\/en\\\/#\\\/schema\\\/logo\\\/image\\\/\",\"url\":\"https:\\\/\\\/www.auxsons.com\\\/wp-content\\\/uploads\\\/2018\\\/10\\\/logo-aux-sons@2x.png\",\"contentUrl\":\"https:\\\/\\\/www.auxsons.com\\\/wp-content\\\/uploads\\\/2018\\\/10\\\/logo-aux-sons@2x.png\",\"width\":320,\"height\":192,\"caption\":\"#AuxSons\"},\"image\":{\"@id\":\"https:\\\/\\\/www.auxsons.com\\\/en\\\/#\\\/schema\\\/logo\\\/image\\\/\"},\"sameAs\":[\"https:\\\/\\\/www.facebook.com\\\/auxsons\\\/\",\"https:\\\/\\\/x.com\\\/auxsons\",\"https:\\\/\\\/www.instagram.com\\\/auxsons\\\/\",\"https:\\\/\\\/www.youtube.com\\\/channel\\\/UC_NjOjgZNHW-6MaXKWavFKQ\"]}]}<\/script>\n<!-- \/ Yoast SEO plugin. -->","yoast_head_json":{"title":"Mandolin' Orchestra - #AuxSons","description":"F\u00e9loche revient le 14 f\u00e9vrier avec l'album Mandolin' Orchestra sur lequel il est accompagn\u00e9 d'un orchestre de mandolines pour jouer ses succ\u00e8s","robots":{"index":"index","follow":"follow","max-snippet":"max-snippet:-1","max-image-preview":"max-image-preview:large","max-video-preview":"max-video-preview:-1"},"canonical":"https:\/\/www.auxsons.com\/en\/album\/mandolin-orchestra\/","og_locale":"en_US","og_type":"article","og_title":"Mandolin' Orchestra - #AuxSons","og_description":"F\u00e9loche revient le 14 f\u00e9vrier avec l'album Mandolin' Orchestra sur lequel il est accompagn\u00e9 d'un orchestre de mandolines pour jouer ses succ\u00e8s","og_url":"https:\/\/www.auxsons.com\/en\/album\/mandolin-orchestra\/","og_site_name":"#AuxSons","article_publisher":"https:\/\/www.facebook.com\/auxsons\/","og_image":[{"width":1500,"height":1500,"url":"https:\/\/www.auxsons.com\/wp-content\/uploads\/2020\/01\/feloche_mandolinorchestra2.jpg","type":"image\/jpeg"}],"twitter_card":"summary_large_image","twitter_site":"@auxsons","twitter_misc":{"Est. reading time":"1 minute"},"schema":{"@context":"https:\/\/schema.org","@graph":[{"@type":"WebPage","@id":"https:\/\/www.auxsons.com\/en\/album\/mandolin-orchestra\/","url":"https:\/\/www.auxsons.com\/en\/album\/mandolin-orchestra\/","name":"Mandolin' Orchestra - #AuxSons","isPartOf":{"@id":"https:\/\/www.auxsons.com\/en\/#website"},"primaryImageOfPage":{"@id":"https:\/\/www.auxsons.com\/en\/album\/mandolin-orchestra\/#primaryimage"},"image":{"@id":"https:\/\/www.auxsons.com\/en\/album\/mandolin-orchestra\/#primaryimage"},"thumbnailUrl":"https:\/\/www.auxsons.com\/wp-content\/uploads\/2020\/01\/feloche_mandolinorchestra2.jpg","datePublished":"2020-01-28T13:55:09+00:00","description":"F\u00e9loche revient le 14 f\u00e9vrier avec l'album Mandolin' Orchestra sur lequel il est accompagn\u00e9 d'un orchestre de mandolines pour jouer ses succ\u00e8s","breadcrumb":{"@id":"https:\/\/www.auxsons.com\/en\/album\/mandolin-orchestra\/#breadcrumb"},"inLanguage":"en-US","potentialAction":[{"@type":"ReadAction","target":["https:\/\/www.auxsons.com\/en\/album\/mandolin-orchestra\/"]}]},{"@type":"ImageObject","inLanguage":"en-US","@id":"https:\/\/www.auxsons.com\/en\/album\/mandolin-orchestra\/#primaryimage","url":"https:\/\/www.auxsons.com\/wp-content\/uploads\/2020\/01\/feloche_mandolinorchestra2.jpg","contentUrl":"https:\/\/www.auxsons.com\/wp-content\/uploads\/2020\/01\/feloche_mandolinorchestra2.jpg","width":1500,"height":1500},{"@type":"BreadcrumbList","@id":"https:\/\/www.auxsons.com\/en\/album\/mandolin-orchestra\/#breadcrumb","itemListElement":[{"@type":"ListItem","position":1,"name":"Accueil","item":"https:\/\/www.auxsons.com\/en\/"},{"@type":"ListItem","position":2,"name":"Albums","item":"https:\/\/www.auxsons.com\/en\/album\/"},{"@type":"ListItem","position":3,"name":"Mandolin&#8217; Orchestra"}]},{"@type":"WebSite","@id":"https:\/\/www.auxsons.com\/en\/#website","url":"https:\/\/www.auxsons.com\/en\/","name":"#AuxSons","description":"Musiques &amp; Vibrations du Monde","publisher":{"@id":"https:\/\/www.auxsons.com\/en\/#organization"},"potentialAction":[{"@type":"SearchAction","target":{"@type":"EntryPoint","urlTemplate":"https:\/\/www.auxsons.com\/en\/?s={search_term_string}"},"query-input":{"@type":"PropertyValueSpecification","valueRequired":true,"valueName":"search_term_string"}}],"inLanguage":"en-US"},{"@type":"Organization","@id":"https:\/\/www.auxsons.com\/en\/#organization","name":"#AuxSons","url":"https:\/\/www.auxsons.com\/en\/","logo":{"@type":"ImageObject","inLanguage":"en-US","@id":"https:\/\/www.auxsons.com\/en\/#\/schema\/logo\/image\/","url":"https:\/\/www.auxsons.com\/wp-content\/uploads\/2018\/10\/logo-aux-sons@2x.png","contentUrl":"https:\/\/www.auxsons.com\/wp-content\/uploads\/2018\/10\/logo-aux-sons@2x.png","width":320,"height":192,"caption":"#AuxSons"},"image":{"@id":"https:\/\/www.auxsons.com\/en\/#\/schema\/logo\/image\/"},"sameAs":["https:\/\/www.facebook.com\/auxsons\/","https:\/\/x.com\/auxsons","https:\/\/www.instagram.com\/auxsons\/","https:\/\/www.youtube.com\/channel\/UC_NjOjgZNHW-6MaXKWavFKQ"]}]}},"_links":{"self":[{"href":"https:\/\/www.auxsons.com\/en\/wp-json\/wp\/v2\/album\/7417","targetHints":{"allow":["GET"]}}],"collection":[{"href":"https:\/\/www.auxsons.com\/en\/wp-json\/wp\/v2\/album"}],"about":[{"href":"https:\/\/www.auxsons.com\/en\/wp-json\/wp\/v2\/types\/album"}],"author":[{"embeddable":true,"href":"https:\/\/www.auxsons.com\/en\/wp-json\/wp\/v2\/users\/152"}],"version-history":[{"count":0,"href":"https:\/\/www.auxsons.com\/en\/wp-json\/wp\/v2\/album\/7417\/revisions"}],"wp:featuredmedia":[{"embeddable":true,"href":"https:\/\/www.auxsons.com\/en\/wp-json\/wp\/v2\/media\/7418"}],"wp:attachment":[{"href":"https:\/\/www.auxsons.com\/en\/wp-json\/wp\/v2\/media?parent=7417"}],"curies":[{"name":"wp","href":"https:\/\/api.w.org\/{rel}","templated":true}]}}

<p>Après Chimie Vivante, Féloche revient le 14 février avec l’album Mandolin’ Orchestra sur lequel il est accompagné d’un orchestre de mandolines pour revisiter les meilleurs titres de son répertoire. Il reprend pour l’occasion Chic Planète, le titre de l’Affaire Louis’ Trio.</p>
<p><em><span class="dquo">“</span>Quand j’étais petit, j’étais fan de L’Affaire Louis Trio, j’adorais voir Hubert Mounier danser comme un fou sur sa chanson Chic Planète. “Dansons dessus ! Mettons-nous tous nus !” C’était fun et léger, c’était les années 80, on buvait du Tang, le plastique était encore fantastique, on était insouciants… Inconscients&nbsp;!<br>
Y’a quelques mois, je suis retombé dessus (sûrement pour la faire écouter à mon fiston et rigoler avec lui)… Et là <span class="caps">BIM</span> !! J’me suis pris le texte dans la face… Je venais de redécouvrir une des plus belles chansons jamais écrites sur notre “chic” planète.… alors il fallait bien que je la lui chante à mon&nbsp;gamin&nbsp;!”</em></p>

<p>Féloche revient le 14 février avec l’album Mandolin’ Orchestra sur lequel il est accompagné d’un orchestre de mandolines pour jouer ses succès et des belles reprises comme Chic Planète de l’Affaire Louis’ Trio</p>

<!-- This site is optimized with the Yoast SEO plugin v27.5 - https://yoast.com/product/yoast-seo-wordpress/ -->
<title>Mandolin&#039; Orchestra - #AuxSons</title>
<meta name="description" content="Féloche revient le 14 février avec l&#039;album Mandolin&#039; Orchestra sur lequel il est accompagné d&#039;un orchestre de mandolines pour jouer ses succès" />
<meta name="robots" content="index, follow, max-snippet:-1, max-image-preview:large, max-video-preview:-1" />
<link rel="canonical" href="https://www.auxsons.com/en/album/mandolin-orchestra/" />
<meta property="og:locale" content="en_US" />
<meta property="og:type" content="article" />
<meta property="og:title" content="Mandolin&#039; Orchestra - #AuxSons" />
<meta property="og:description" content="Féloche revient le 14 février avec l&#039;album Mandolin&#039; Orchestra sur lequel il est accompagné d&#039;un orchestre de mandolines pour jouer ses succès" />
<meta property="og:url" content="https://www.auxsons.com/en/album/mandolin-orchestra/" />
<meta property="og:site_name" content="#AuxSons" />
<meta property="article:publisher" content="https://www.facebook.com/auxsons/" />
<meta property="og:image" content="https://www.auxsons.com/wp-content/uploads/2020/01/feloche_mandolinorchestra2.jpg" />
	<meta property="og:image:width" content="1500" />
	<meta property="og:image:height" content="1500" />
	<meta property="og:image:type" content="image/jpeg" />
<meta name="twitter:card" content="summary_large_image" />
<meta name="twitter:site" content="@auxsons" />
<meta name="twitter:label1" content="Est. reading time" />
	<meta name="twitter:data1" content="1 minute" />
<script type="application/ld+json" class="yoast-schema-graph">{"@context":"https:\/\/schema.org","@graph":[{"@type":"WebPage","@id":"https:\/\/www.auxsons.com\/en\/album\/mandolin-orchestra\/","url":"https:\/\/www.auxsons.com\/en\/album\/mandolin-orchestra\/","name":"Mandolin' Orchestra - #AuxSons","isPartOf":{"@id":"https:\/\/www.auxsons.com\/en\/#website"},"primaryImageOfPage":{"@id":"https:\/\/www.auxsons.com\/en\/album\/mandolin-orchestra\/#primaryimage"},"image":{"@id":"https:\/\/www.auxsons.com\/en\/album\/mandolin-orchestra\/#primaryimage"},"thumbnailUrl":"https:\/\/www.auxsons.com\/wp-content\/uploads\/2020\/01\/feloche_mandolinorchestra2.jpg","datePublished":"2020-01-28T13:55:09+00:00","description":"Féloche revient le 14 février avec l'album Mandolin' Orchestra sur lequel il est accompagné d'un orchestre de mandolines pour jouer ses succès","breadcrumb":{"@id":"https:\/\/www.auxsons.com\/en\/album\/mandolin-orchestra\/#breadcrumb"},"inLanguage":"en-US","potentialAction":[{"@type":"ReadAction","target":["https:\/\/www.auxsons.com\/en\/album\/mandolin-orchestra\/"]}]},{"@type":"ImageObject","inLanguage":"en-US","@id":"https:\/\/www.auxsons.com\/en\/album\/mandolin-orchestra\/#primaryimage","url":"https:\/\/www.auxsons.com\/wp-content\/uploads\/2020\/01\/feloche_mandolinorchestra2.jpg","contentUrl":"https:\/\/www.auxsons.com\/wp-content\/uploads\/2020\/01\/feloche_mandolinorchestra2.jpg","width":1500,"height":1500},{"@type":"BreadcrumbList","@id":"https:\/\/www.auxsons.com\/en\/album\/mandolin-orchestra\/#breadcrumb","itemListElement":[{"@type":"ListItem","position":1,"name":"Accueil","item":"https:\/\/www.auxsons.com\/en\/"},{"@type":"ListItem","position":2,"name":"Albums","item":"https:\/\/www.auxsons.com\/en\/album\/"},{"@type":"ListItem","position":3,"name":"Mandolin&#8217; Orchestra"}]},{"@type":"WebSite","@id":"https:\/\/www.auxsons.com\/en\/#website","url":"https:\/\/www.auxsons.com\/en\/","name":"#AuxSons","description":"Musiques &amp; Vibrations du Monde","publisher":{"@id":"https:\/\/www.auxsons.com\/en\/#organization"},"potentialAction":[{"@type":"SearchAction","target":{"@type":"EntryPoint","urlTemplate":"https:\/\/www.auxsons.com\/en\/?s={search_term_string}"},"query-input":{"@type":"PropertyValueSpecification","valueRequired":true,"valueName":"search_term_string"}}],"inLanguage":"en-US"},{"@type":"Organization","@id":"https:\/\/www.auxsons.com\/en\/#organization","name":"#AuxSons","url":"https:\/\/www.auxsons.com\/en\/","logo":{"@type":"ImageObject","inLanguage":"en-US","@id":"https:\/\/www.auxsons.com\/en\/#\/schema\/logo\/image\/","url":"https:\/\/www.auxsons.com\/wp-content\/uploads\/2018\/10\/logo-aux-sons@2x.png","contentUrl":"https:\/\/www.auxsons.com\/wp-content\/uploads\/2018\/10\/logo-aux-sons@2x.png","width":320,"height":192,"caption":"#AuxSons"},"image":{"@id":"https:\/\/www.auxsons.com\/en\/#\/schema\/logo\/image\/"},"sameAs":["https:\/\/www.facebook.com\/auxsons\/","https:\/\/x.com\/auxsons","https:\/\/www.instagram.com\/auxsons\/","https:\/\/www.youtube.com\/channel\/UC_NjOjgZNHW-6MaXKWavFKQ"]}]}</script>
<!-- / Yoast SEO plugin. -->

Féloche revient le 14 février avec l'album Mandolin' Orchestra sur lequel il est accompagné d'un orchestre de mandolines pour jouer ses succès
