{"id":2886,"date":"2019-05-20T11:55:28","date_gmt":"2019-05-20T09:55:28","guid":{"rendered":"http:\/\/www.auxsons.com\/?post_type=album&#038;p=2886"},"modified":"2019-05-20T11:55:28","modified_gmt":"2019-05-20T09:55:28","slug":"fi-ltareek-on-the-road","status":"publish","type":"album","link":"https:\/\/www.auxsons.com\/en\/album\/fi-ltareek-on-the-road\/","title":{"rendered":"Fi Ltareek (On The&nbsp;Road)"},"content":{"rendered":"<p><em><strong>Yolla Khalif\u00e9<\/strong><\/em>, chanteuse franco-libanaise a commenc\u00e9 sa carri\u00e8re en prenant part \u00e0 la cr\u00e9ation de<em><strong> l\u2019Ensemble Al Mayadine<\/strong><\/em> aux c\u00f4t\u00e9s de <em><strong>Marcel Khalif\u00e9<\/strong><\/em> avec lequel elle a particip\u00e9 \u00e0 de nombreuses tourn\u00e9es arabes, europ\u00e9ennes et am\u00e9ricaines, ainsi qu\u2019\u00e0 diff\u00e9rents festivals libanais et internationaux.<br>\n<strong>C\u2019est en solo qu\u2019elle pr\u00e9sentera son quatri\u00e8me et nouvel album <em>Fi Ltareek (On the road)<\/em><\/strong>, elle qui a d\u00e9velopp\u00e9 sa propre conception de l\u2019art parall\u00e8lement \u00e0 son implication dans l\u2019<em><strong>Ensemble Al Mayadine<\/strong><\/em>. <strong>Elle combine le chant et l\u2019expression du corps, faisant ainsi de l\u2019art le langage de&nbsp;l\u2019\u00e2me.<\/strong><\/p>\n<p><strong>Ses pr\u00e9c\u00e9dents albums, Aah, Aah\u2026 Aah et Hawak traitent de th\u00e8mes comme l\u2019enfance, les femmes ou encore la libert\u00e9 d\u2019expression, et pr\u00e9sentent un subtil m\u00e9lange entre la po\u00e9sie classique et contemporaine et des influences musicales mixtes, allant de la musique classique \u00e0 la musique \u00e9lectronique en passant par le jazz ou la musique tzigane.&nbsp;<\/strong><\/p>\n","protected":false},"excerpt":{"rendered":"<p>Yolla Khalif\u00e9, chanteuse franco-libanaise a commenc\u00e9 sa carri\u00e8re en prenant part \u00e0 la cr\u00e9ation de l\u2019Ensemble Al Mayadine aux c\u00f4t\u00e9s de Marcel Khalif\u00e9 avec lequel elle a particip\u00e9 \u00e0 de nombreuses tourn\u00e9es arabes, europ\u00e9ennes et am\u00e9ricaines, ainsi qu\u2019\u00e0 diff\u00e9rents festivals libanais et internationaux. C\u2019est en solo qu\u2019elle pr\u00e9sentera son quatri\u00e8me et nouvel album Fi Ltareek<\/p>\n","protected":false},"author":6,"featured_media":2887,"template":"","meta":{"_acf_changed":false,"wp_typography_post_enhancements_disabled":false,"footnotes":""},"class_list":["post-2886","album","type-album","status-publish","has-post-thumbnail","hentry"],"acf":[],"yoast_head":"<!-- This site is optimized with the Yoast SEO plugin v27.5 - https:\/\/yoast.com\/product\/yoast-seo-wordpress\/ -->\n<title>Fi Ltareek (On The Road) - #AuxSons<\/title>\n<meta name=\"description\" content=\"Yolla Khalif\u00e9, chanteuse franco-libanaise a commenc\u00e9 sa carri\u00e8re en prenant part \u00e0 la cr\u00e9ation de l&#039;Ensemble Al Mayadine aux c\u00f4t\u00e9s de Marcel Khalif\u00e9 avec\" \/>\n<meta name=\"robots\" content=\"index, follow, max-snippet:-1, max-image-preview:large, max-video-preview:-1\" \/>\n<link rel=\"canonical\" href=\"https:\/\/www.auxsons.com\/en\/album\/fi-ltareek-on-the-road\/\" \/>\n<meta property=\"og:locale\" content=\"en_US\" \/>\n<meta property=\"og:type\" content=\"article\" \/>\n<meta property=\"og:title\" content=\"Fi Ltareek (On The Road) - #AuxSons\" \/>\n<meta property=\"og:description\" content=\"Yolla Khalif\u00e9, chanteuse franco-libanaise a commenc\u00e9 sa carri\u00e8re en prenant part \u00e0 la cr\u00e9ation de l&#039;Ensemble Al Mayadine aux c\u00f4t\u00e9s de Marcel Khalif\u00e9 avec\" \/>\n<meta property=\"og:url\" content=\"https:\/\/www.auxsons.com\/en\/album\/fi-ltareek-on-the-road\/\" \/>\n<meta property=\"og:site_name\" content=\"#AuxSons\" \/>\n<meta property=\"article:publisher\" content=\"https:\/\/www.facebook.com\/auxsons\/\" \/>\n<meta property=\"og:image\" content=\"https:\/\/www.auxsons.com\/wp-content\/uploads\/2019\/05\/on-the-road.jpg\" \/>\n\t<meta property=\"og:image:width\" content=\"400\" \/>\n\t<meta property=\"og:image:height\" content=\"400\" \/>\n\t<meta property=\"og:image:type\" content=\"image\/jpeg\" \/>\n<meta name=\"twitter:card\" content=\"summary_large_image\" \/>\n<meta name=\"twitter:site\" content=\"@auxsons\" \/>\n<meta name=\"twitter:label1\" content=\"Est. reading time\" \/>\n\t<meta name=\"twitter:data1\" content=\"1 minute\" \/>\n<script type=\"application\/ld+json\" class=\"yoast-schema-graph\">{\"@context\":\"https:\\\/\\\/schema.org\",\"@graph\":[{\"@type\":\"WebPage\",\"@id\":\"https:\\\/\\\/www.auxsons.com\\\/en\\\/album\\\/fi-ltareek-on-the-road\\\/\",\"url\":\"https:\\\/\\\/www.auxsons.com\\\/en\\\/album\\\/fi-ltareek-on-the-road\\\/\",\"name\":\"Fi Ltareek (On The Road) - #AuxSons\",\"isPartOf\":{\"@id\":\"https:\\\/\\\/www.auxsons.com\\\/en\\\/#website\"},\"primaryImageOfPage\":{\"@id\":\"https:\\\/\\\/www.auxsons.com\\\/en\\\/album\\\/fi-ltareek-on-the-road\\\/#primaryimage\"},\"image\":{\"@id\":\"https:\\\/\\\/www.auxsons.com\\\/en\\\/album\\\/fi-ltareek-on-the-road\\\/#primaryimage\"},\"thumbnailUrl\":\"https:\\\/\\\/www.auxsons.com\\\/wp-content\\\/uploads\\\/2019\\\/05\\\/on-the-road.jpg\",\"datePublished\":\"2019-05-20T09:55:28+00:00\",\"description\":\"Yolla Khalif\u00e9, chanteuse franco-libanaise a commenc\u00e9 sa carri\u00e8re en prenant part \u00e0 la cr\u00e9ation de l'Ensemble Al Mayadine aux c\u00f4t\u00e9s de Marcel Khalif\u00e9 avec\",\"breadcrumb\":{\"@id\":\"https:\\\/\\\/www.auxsons.com\\\/en\\\/album\\\/fi-ltareek-on-the-road\\\/#breadcrumb\"},\"inLanguage\":\"en-US\",\"potentialAction\":[{\"@type\":\"ReadAction\",\"target\":[\"https:\\\/\\\/www.auxsons.com\\\/en\\\/album\\\/fi-ltareek-on-the-road\\\/\"]}]},{\"@type\":\"ImageObject\",\"inLanguage\":\"en-US\",\"@id\":\"https:\\\/\\\/www.auxsons.com\\\/en\\\/album\\\/fi-ltareek-on-the-road\\\/#primaryimage\",\"url\":\"https:\\\/\\\/www.auxsons.com\\\/wp-content\\\/uploads\\\/2019\\\/05\\\/on-the-road.jpg\",\"contentUrl\":\"https:\\\/\\\/www.auxsons.com\\\/wp-content\\\/uploads\\\/2019\\\/05\\\/on-the-road.jpg\",\"width\":400,\"height\":400},{\"@type\":\"BreadcrumbList\",\"@id\":\"https:\\\/\\\/www.auxsons.com\\\/en\\\/album\\\/fi-ltareek-on-the-road\\\/#breadcrumb\",\"itemListElement\":[{\"@type\":\"ListItem\",\"position\":1,\"name\":\"Accueil\",\"item\":\"https:\\\/\\\/www.auxsons.com\\\/en\\\/\"},{\"@type\":\"ListItem\",\"position\":2,\"name\":\"Albums\",\"item\":\"https:\\\/\\\/www.auxsons.com\\\/en\\\/album\\\/\"},{\"@type\":\"ListItem\",\"position\":3,\"name\":\"Fi Ltareek (On The Road)\"}]},{\"@type\":\"WebSite\",\"@id\":\"https:\\\/\\\/www.auxsons.com\\\/en\\\/#website\",\"url\":\"https:\\\/\\\/www.auxsons.com\\\/en\\\/\",\"name\":\"#AuxSons\",\"description\":\"Musiques &amp; Vibrations du Monde\",\"publisher\":{\"@id\":\"https:\\\/\\\/www.auxsons.com\\\/en\\\/#organization\"},\"potentialAction\":[{\"@type\":\"SearchAction\",\"target\":{\"@type\":\"EntryPoint\",\"urlTemplate\":\"https:\\\/\\\/www.auxsons.com\\\/en\\\/?s={search_term_string}\"},\"query-input\":{\"@type\":\"PropertyValueSpecification\",\"valueRequired\":true,\"valueName\":\"search_term_string\"}}],\"inLanguage\":\"en-US\"},{\"@type\":\"Organization\",\"@id\":\"https:\\\/\\\/www.auxsons.com\\\/en\\\/#organization\",\"name\":\"#AuxSons\",\"url\":\"https:\\\/\\\/www.auxsons.com\\\/en\\\/\",\"logo\":{\"@type\":\"ImageObject\",\"inLanguage\":\"en-US\",\"@id\":\"https:\\\/\\\/www.auxsons.com\\\/en\\\/#\\\/schema\\\/logo\\\/image\\\/\",\"url\":\"https:\\\/\\\/www.auxsons.com\\\/wp-content\\\/uploads\\\/2018\\\/10\\\/logo-aux-sons@2x.png\",\"contentUrl\":\"https:\\\/\\\/www.auxsons.com\\\/wp-content\\\/uploads\\\/2018\\\/10\\\/logo-aux-sons@2x.png\",\"width\":320,\"height\":192,\"caption\":\"#AuxSons\"},\"image\":{\"@id\":\"https:\\\/\\\/www.auxsons.com\\\/en\\\/#\\\/schema\\\/logo\\\/image\\\/\"},\"sameAs\":[\"https:\\\/\\\/www.facebook.com\\\/auxsons\\\/\",\"https:\\\/\\\/x.com\\\/auxsons\",\"https:\\\/\\\/www.instagram.com\\\/auxsons\\\/\",\"https:\\\/\\\/www.youtube.com\\\/channel\\\/UC_NjOjgZNHW-6MaXKWavFKQ\"]}]}<\/script>\n<!-- \/ Yoast SEO plugin. -->","yoast_head_json":{"title":"Fi Ltareek (On The Road) - #AuxSons","description":"Yolla Khalif\u00e9, chanteuse franco-libanaise a commenc\u00e9 sa carri\u00e8re en prenant part \u00e0 la cr\u00e9ation de l'Ensemble Al Mayadine aux c\u00f4t\u00e9s de Marcel Khalif\u00e9 avec","robots":{"index":"index","follow":"follow","max-snippet":"max-snippet:-1","max-image-preview":"max-image-preview:large","max-video-preview":"max-video-preview:-1"},"canonical":"https:\/\/www.auxsons.com\/en\/album\/fi-ltareek-on-the-road\/","og_locale":"en_US","og_type":"article","og_title":"Fi Ltareek (On The Road) - #AuxSons","og_description":"Yolla Khalif\u00e9, chanteuse franco-libanaise a commenc\u00e9 sa carri\u00e8re en prenant part \u00e0 la cr\u00e9ation de l'Ensemble Al Mayadine aux c\u00f4t\u00e9s de Marcel Khalif\u00e9 avec","og_url":"https:\/\/www.auxsons.com\/en\/album\/fi-ltareek-on-the-road\/","og_site_name":"#AuxSons","article_publisher":"https:\/\/www.facebook.com\/auxsons\/","og_image":[{"width":400,"height":400,"url":"https:\/\/www.auxsons.com\/wp-content\/uploads\/2019\/05\/on-the-road.jpg","type":"image\/jpeg"}],"twitter_card":"summary_large_image","twitter_site":"@auxsons","twitter_misc":{"Est. reading time":"1 minute"},"schema":{"@context":"https:\/\/schema.org","@graph":[{"@type":"WebPage","@id":"https:\/\/www.auxsons.com\/en\/album\/fi-ltareek-on-the-road\/","url":"https:\/\/www.auxsons.com\/en\/album\/fi-ltareek-on-the-road\/","name":"Fi Ltareek (On The Road) - #AuxSons","isPartOf":{"@id":"https:\/\/www.auxsons.com\/en\/#website"},"primaryImageOfPage":{"@id":"https:\/\/www.auxsons.com\/en\/album\/fi-ltareek-on-the-road\/#primaryimage"},"image":{"@id":"https:\/\/www.auxsons.com\/en\/album\/fi-ltareek-on-the-road\/#primaryimage"},"thumbnailUrl":"https:\/\/www.auxsons.com\/wp-content\/uploads\/2019\/05\/on-the-road.jpg","datePublished":"2019-05-20T09:55:28+00:00","description":"Yolla Khalif\u00e9, chanteuse franco-libanaise a commenc\u00e9 sa carri\u00e8re en prenant part \u00e0 la cr\u00e9ation de l'Ensemble Al Mayadine aux c\u00f4t\u00e9s de Marcel Khalif\u00e9 avec","breadcrumb":{"@id":"https:\/\/www.auxsons.com\/en\/album\/fi-ltareek-on-the-road\/#breadcrumb"},"inLanguage":"en-US","potentialAction":[{"@type":"ReadAction","target":["https:\/\/www.auxsons.com\/en\/album\/fi-ltareek-on-the-road\/"]}]},{"@type":"ImageObject","inLanguage":"en-US","@id":"https:\/\/www.auxsons.com\/en\/album\/fi-ltareek-on-the-road\/#primaryimage","url":"https:\/\/www.auxsons.com\/wp-content\/uploads\/2019\/05\/on-the-road.jpg","contentUrl":"https:\/\/www.auxsons.com\/wp-content\/uploads\/2019\/05\/on-the-road.jpg","width":400,"height":400},{"@type":"BreadcrumbList","@id":"https:\/\/www.auxsons.com\/en\/album\/fi-ltareek-on-the-road\/#breadcrumb","itemListElement":[{"@type":"ListItem","position":1,"name":"Accueil","item":"https:\/\/www.auxsons.com\/en\/"},{"@type":"ListItem","position":2,"name":"Albums","item":"https:\/\/www.auxsons.com\/en\/album\/"},{"@type":"ListItem","position":3,"name":"Fi Ltareek (On The Road)"}]},{"@type":"WebSite","@id":"https:\/\/www.auxsons.com\/en\/#website","url":"https:\/\/www.auxsons.com\/en\/","name":"#AuxSons","description":"Musiques &amp; Vibrations du Monde","publisher":{"@id":"https:\/\/www.auxsons.com\/en\/#organization"},"potentialAction":[{"@type":"SearchAction","target":{"@type":"EntryPoint","urlTemplate":"https:\/\/www.auxsons.com\/en\/?s={search_term_string}"},"query-input":{"@type":"PropertyValueSpecification","valueRequired":true,"valueName":"search_term_string"}}],"inLanguage":"en-US"},{"@type":"Organization","@id":"https:\/\/www.auxsons.com\/en\/#organization","name":"#AuxSons","url":"https:\/\/www.auxsons.com\/en\/","logo":{"@type":"ImageObject","inLanguage":"en-US","@id":"https:\/\/www.auxsons.com\/en\/#\/schema\/logo\/image\/","url":"https:\/\/www.auxsons.com\/wp-content\/uploads\/2018\/10\/logo-aux-sons@2x.png","contentUrl":"https:\/\/www.auxsons.com\/wp-content\/uploads\/2018\/10\/logo-aux-sons@2x.png","width":320,"height":192,"caption":"#AuxSons"},"image":{"@id":"https:\/\/www.auxsons.com\/en\/#\/schema\/logo\/image\/"},"sameAs":["https:\/\/www.facebook.com\/auxsons\/","https:\/\/x.com\/auxsons","https:\/\/www.instagram.com\/auxsons\/","https:\/\/www.youtube.com\/channel\/UC_NjOjgZNHW-6MaXKWavFKQ"]}]}},"_links":{"self":[{"href":"https:\/\/www.auxsons.com\/en\/wp-json\/wp\/v2\/album\/2886","targetHints":{"allow":["GET"]}}],"collection":[{"href":"https:\/\/www.auxsons.com\/en\/wp-json\/wp\/v2\/album"}],"about":[{"href":"https:\/\/www.auxsons.com\/en\/wp-json\/wp\/v2\/types\/album"}],"author":[{"embeddable":true,"href":"https:\/\/www.auxsons.com\/en\/wp-json\/wp\/v2\/users\/6"}],"version-history":[{"count":0,"href":"https:\/\/www.auxsons.com\/en\/wp-json\/wp\/v2\/album\/2886\/revisions"}],"wp:featuredmedia":[{"embeddable":true,"href":"https:\/\/www.auxsons.com\/en\/wp-json\/wp\/v2\/media\/2887"}],"wp:attachment":[{"href":"https:\/\/www.auxsons.com\/en\/wp-json\/wp\/v2\/media?parent=2886"}],"curies":[{"name":"wp","href":"https:\/\/api.w.org\/{rel}","templated":true}]}}

<p><em><strong>Yolla Khalifé</strong></em>, chanteuse franco-libanaise a commencé sa carrière en prenant part à la création de<em><strong> l’Ensemble Al Mayadine</strong></em> aux côtés de <em><strong>Marcel Khalifé</strong></em> avec lequel elle a participé à de nombreuses tournées arabes, européennes et américaines, ainsi qu’à différents festivals libanais et internationaux.<br>
<strong>C’est en solo qu’elle présentera son quatrième et nouvel album <em>Fi Ltareek (On the road)</em></strong>, elle qui a développé sa propre conception de l’art parallèlement à son implication dans l’<em><strong>Ensemble Al Mayadine</strong></em>. <strong>Elle combine le chant et l’expression du corps, faisant ainsi de l’art le langage de&nbsp;l’âme.</strong></p>
<p><strong>Ses précédents albums, Aah, Aah… Aah et Hawak traitent de thèmes comme l’enfance, les femmes ou encore la liberté d’expression, et présentent un subtil mélange entre la poésie classique et contemporaine et des influences musicales mixtes, allant de la musique classique à la musique électronique en passant par le jazz ou la musique tzigane.&nbsp;</strong></p>

<p>Yolla Khalifé, chanteuse franco-libanaise a commencé sa carrière en prenant part à la création de l’Ensemble Al Mayadine aux côtés de Marcel Khalifé avec lequel elle a participé à de nombreuses tournées arabes, européennes et américaines, ainsi qu’à différents festivals libanais et internationaux. C’est en solo qu’elle présentera son quatrième et nouvel album Fi Ltareek</p>

<!-- This site is optimized with the Yoast SEO plugin v27.5 - https://yoast.com/product/yoast-seo-wordpress/ -->
<title>Fi Ltareek (On The Road) - #AuxSons</title>
<meta name="description" content="Yolla Khalifé, chanteuse franco-libanaise a commencé sa carrière en prenant part à la création de l&#039;Ensemble Al Mayadine aux côtés de Marcel Khalifé avec" />
<meta name="robots" content="index, follow, max-snippet:-1, max-image-preview:large, max-video-preview:-1" />
<link rel="canonical" href="https://www.auxsons.com/en/album/fi-ltareek-on-the-road/" />
<meta property="og:locale" content="en_US" />
<meta property="og:type" content="article" />
<meta property="og:title" content="Fi Ltareek (On The Road) - #AuxSons" />
<meta property="og:description" content="Yolla Khalifé, chanteuse franco-libanaise a commencé sa carrière en prenant part à la création de l&#039;Ensemble Al Mayadine aux côtés de Marcel Khalifé avec" />
<meta property="og:url" content="https://www.auxsons.com/en/album/fi-ltareek-on-the-road/" />
<meta property="og:site_name" content="#AuxSons" />
<meta property="article:publisher" content="https://www.facebook.com/auxsons/" />
<meta property="og:image" content="https://www.auxsons.com/wp-content/uploads/2019/05/on-the-road.jpg" />
	<meta property="og:image:width" content="400" />
	<meta property="og:image:height" content="400" />
	<meta property="og:image:type" content="image/jpeg" />
<meta name="twitter:card" content="summary_large_image" />
<meta name="twitter:site" content="@auxsons" />
<meta name="twitter:label1" content="Est. reading time" />
	<meta name="twitter:data1" content="1 minute" />
<script type="application/ld+json" class="yoast-schema-graph">{"@context":"https:\/\/schema.org","@graph":[{"@type":"WebPage","@id":"https:\/\/www.auxsons.com\/en\/album\/fi-ltareek-on-the-road\/","url":"https:\/\/www.auxsons.com\/en\/album\/fi-ltareek-on-the-road\/","name":"Fi Ltareek (On The Road) - #AuxSons","isPartOf":{"@id":"https:\/\/www.auxsons.com\/en\/#website"},"primaryImageOfPage":{"@id":"https:\/\/www.auxsons.com\/en\/album\/fi-ltareek-on-the-road\/#primaryimage"},"image":{"@id":"https:\/\/www.auxsons.com\/en\/album\/fi-ltareek-on-the-road\/#primaryimage"},"thumbnailUrl":"https:\/\/www.auxsons.com\/wp-content\/uploads\/2019\/05\/on-the-road.jpg","datePublished":"2019-05-20T09:55:28+00:00","description":"Yolla Khalifé, chanteuse franco-libanaise a commencé sa carrière en prenant part à la création de l'Ensemble Al Mayadine aux côtés de Marcel Khalifé avec","breadcrumb":{"@id":"https:\/\/www.auxsons.com\/en\/album\/fi-ltareek-on-the-road\/#breadcrumb"},"inLanguage":"en-US","potentialAction":[{"@type":"ReadAction","target":["https:\/\/www.auxsons.com\/en\/album\/fi-ltareek-on-the-road\/"]}]},{"@type":"ImageObject","inLanguage":"en-US","@id":"https:\/\/www.auxsons.com\/en\/album\/fi-ltareek-on-the-road\/#primaryimage","url":"https:\/\/www.auxsons.com\/wp-content\/uploads\/2019\/05\/on-the-road.jpg","contentUrl":"https:\/\/www.auxsons.com\/wp-content\/uploads\/2019\/05\/on-the-road.jpg","width":400,"height":400},{"@type":"BreadcrumbList","@id":"https:\/\/www.auxsons.com\/en\/album\/fi-ltareek-on-the-road\/#breadcrumb","itemListElement":[{"@type":"ListItem","position":1,"name":"Accueil","item":"https:\/\/www.auxsons.com\/en\/"},{"@type":"ListItem","position":2,"name":"Albums","item":"https:\/\/www.auxsons.com\/en\/album\/"},{"@type":"ListItem","position":3,"name":"Fi Ltareek (On The Road)"}]},{"@type":"WebSite","@id":"https:\/\/www.auxsons.com\/en\/#website","url":"https:\/\/www.auxsons.com\/en\/","name":"#AuxSons","description":"Musiques &amp; Vibrations du Monde","publisher":{"@id":"https:\/\/www.auxsons.com\/en\/#organization"},"potentialAction":[{"@type":"SearchAction","target":{"@type":"EntryPoint","urlTemplate":"https:\/\/www.auxsons.com\/en\/?s={search_term_string}"},"query-input":{"@type":"PropertyValueSpecification","valueRequired":true,"valueName":"search_term_string"}}],"inLanguage":"en-US"},{"@type":"Organization","@id":"https:\/\/www.auxsons.com\/en\/#organization","name":"#AuxSons","url":"https:\/\/www.auxsons.com\/en\/","logo":{"@type":"ImageObject","inLanguage":"en-US","@id":"https:\/\/www.auxsons.com\/en\/#\/schema\/logo\/image\/","url":"https:\/\/www.auxsons.com\/wp-content\/uploads\/2018\/10\/logo-aux-sons@2x.png","contentUrl":"https:\/\/www.auxsons.com\/wp-content\/uploads\/2018\/10\/logo-aux-sons@2x.png","width":320,"height":192,"caption":"#AuxSons"},"image":{"@id":"https:\/\/www.auxsons.com\/en\/#\/schema\/logo\/image\/"},"sameAs":["https:\/\/www.facebook.com\/auxsons\/","https:\/\/x.com\/auxsons","https:\/\/www.instagram.com\/auxsons\/","https:\/\/www.youtube.com\/channel\/UC_NjOjgZNHW-6MaXKWavFKQ"]}]}</script>
<!-- / Yoast SEO plugin. -->

Yolla Khalifé, chanteuse franco-libanaise a commencé sa carrière en prenant part à la création de l'Ensemble Al Mayadine aux côtés de Marcel Khalifé avec
