{"id":25061,"date":"2022-09-26T09:58:09","date_gmt":"2022-09-26T07:58:09","guid":{"rendered":"https:\/\/www.auxsons.com\/?post_type=album&#038;p=25061"},"modified":"2022-09-27T10:46:34","modified_gmt":"2022-09-27T08:46:34","slug":"kabar-jako","status":"publish","type":"album","link":"https:\/\/www.auxsons.com\/en\/album\/kabar-jako\/","title":{"rendered":"Kabar Jako"},"content":{"rendered":"<p><strong>Le retour de Jako Maron avec son trio Kabar Jako pour un premi<\/strong><strong>er album maloya acid trance&nbsp;!<\/strong><\/p>\n<p><strong>Jako Maron<\/strong> a d\u00e9j\u00e0 une carri\u00e8re nationale et internationale apr\u00e8s 4 albums dont les musiques sont jou\u00e9es dans le monde entier. Le revoici avec un nouveau projet qui donne lieu \u00e0 l\u2019album <em>Kabar Jako<\/em>. Car Jako Maron n\u2019est plus seul derri\u00e8re ses machines, le voici d\u00e9sormais en trio dans l\u2019esprit qui souffle des entrailles <strong>musicales r\u00e9unionnaises :<\/strong> le&nbsp;<span class=\"caps\">KABAR<\/span>.<\/p>\n<p>Avec lui, le vertigineux percussionniste Jean Amemoutou-Laope (sati, pik\u00e8r, kayamb, tous instruments de bois et de t\u00f4le), et le chanteur Axel Sautron, fabriquent un <strong>Maloya Electro scand\u00e9 ent\u00eatant.<\/strong><\/p>\n<p>Jako Maron continue de creuser son sillon exigeant vers un \u00e9quilibre sonique qui n\u2019appartient qu\u2019\u00e0 lui. Le musicien autodidacte pionniers de la production electro exp\u00e9rimentale s\u2019empare de la libert\u00e9 que lui offre les machines pour ouvrir sa musique \u00e0 ce Kabar Jako, qui plonge l\u2019\u00e9lectro dans la poussi\u00e8re de \u201cla kour\u201d, lieu cr\u00e9ole qui d\u00e9signe autant la terre battue devant la case en t\u00f4le que le b\u00e9ton de la&nbsp;cit\u00e9.<\/p>\n<p>\u2605 Retrouvez <em>Kabar Jako<\/em> en concert <strong>vendredi 14 oct au <\/strong><strong>Bar \u00e0 Bulles \u00e0 <span class=\"caps\">18H<\/span><\/strong> <em>(4 Cit\u00e9 V\u00e9ron, 75018&nbsp;Paris)<\/em><\/p>\n<p>&nbsp;<\/p>\n","protected":false},"excerpt":{"rendered":"<p>Le retour de Jako Maron avec son trio Kabar Jako pour un premier album maloya acid trance&nbsp;! Jako Maron a d\u00e9j\u00e0 une carri\u00e8re nationale et internationale apr\u00e8s 4 albums dont les musiques sont jou\u00e9es dans le monde entier. Le revoici avec un nouveau projet qui donne lieu \u00e0 l\u2019album Kabar Jako. Car Jako Maron n\u2019est<\/p>\n","protected":false},"author":469,"featured_media":25059,"template":"","meta":{"_acf_changed":false,"wp_typography_post_enhancements_disabled":false,"footnotes":""},"class_list":["post-25061","album","type-album","status-publish","has-post-thumbnail","hentry"],"acf":[],"yoast_head":"<!-- This site is optimized with the Yoast SEO plugin v27.5 - https:\/\/yoast.com\/product\/yoast-seo-wordpress\/ -->\n<title>Kabar Jako - #AuxSons<\/title>\n<meta name=\"description\" content=\"Le retour de Jako Maron avec son trio Kabar Jako pour un premier album maloya acid trance ! Jako Maron a d\u00e9j\u00e0 une carri\u00e8re nationale et internationale\" \/>\n<meta name=\"robots\" content=\"index, follow, max-snippet:-1, max-image-preview:large, max-video-preview:-1\" \/>\n<link rel=\"canonical\" href=\"https:\/\/www.auxsons.com\/en\/album\/kabar-jako\/\" \/>\n<meta property=\"og:locale\" content=\"en_US\" \/>\n<meta property=\"og:type\" content=\"article\" \/>\n<meta property=\"og:title\" content=\"Kabar Jako - #AuxSons\" \/>\n<meta property=\"og:description\" content=\"Le retour de Jako Maron avec son trio Kabar Jako pour un premier album maloya acid trance ! Jako Maron a d\u00e9j\u00e0 une carri\u00e8re nationale et internationale\" \/>\n<meta property=\"og:url\" content=\"https:\/\/www.auxsons.com\/en\/album\/kabar-jako\/\" \/>\n<meta property=\"og:site_name\" content=\"#AuxSons\" \/>\n<meta property=\"article:publisher\" content=\"https:\/\/www.facebook.com\/auxsons\/\" \/>\n<meta property=\"article:modified_time\" content=\"2022-09-27T08:46:34+00:00\" \/>\n<meta property=\"og:image\" content=\"https:\/\/www.auxsons.com\/wp-content\/uploads\/2022\/09\/kabarjako-1000.jpg\" \/>\n\t<meta property=\"og:image:width\" content=\"1000\" \/>\n\t<meta property=\"og:image:height\" content=\"1000\" \/>\n\t<meta property=\"og:image:type\" content=\"image\/jpeg\" \/>\n<meta name=\"twitter:card\" content=\"summary_large_image\" \/>\n<meta name=\"twitter:site\" content=\"@auxsons\" \/>\n<meta name=\"twitter:label1\" content=\"Est. reading time\" \/>\n\t<meta name=\"twitter:data1\" content=\"1 minute\" \/>\n<script type=\"application\/ld+json\" class=\"yoast-schema-graph\">{\"@context\":\"https:\\\/\\\/schema.org\",\"@graph\":[{\"@type\":\"WebPage\",\"@id\":\"https:\\\/\\\/www.auxsons.com\\\/en\\\/album\\\/kabar-jako\\\/\",\"url\":\"https:\\\/\\\/www.auxsons.com\\\/en\\\/album\\\/kabar-jako\\\/\",\"name\":\"Kabar Jako - #AuxSons\",\"isPartOf\":{\"@id\":\"https:\\\/\\\/www.auxsons.com\\\/en\\\/#website\"},\"primaryImageOfPage\":{\"@id\":\"https:\\\/\\\/www.auxsons.com\\\/en\\\/album\\\/kabar-jako\\\/#primaryimage\"},\"image\":{\"@id\":\"https:\\\/\\\/www.auxsons.com\\\/en\\\/album\\\/kabar-jako\\\/#primaryimage\"},\"thumbnailUrl\":\"https:\\\/\\\/www.auxsons.com\\\/wp-content\\\/uploads\\\/2022\\\/09\\\/kabarjako-1000.jpg\",\"datePublished\":\"2022-09-26T07:58:09+00:00\",\"dateModified\":\"2022-09-27T08:46:34+00:00\",\"description\":\"Le retour de Jako Maron avec son trio Kabar Jako pour un premier album maloya acid trance ! Jako Maron a d\u00e9j\u00e0 une carri\u00e8re nationale et internationale\",\"breadcrumb\":{\"@id\":\"https:\\\/\\\/www.auxsons.com\\\/en\\\/album\\\/kabar-jako\\\/#breadcrumb\"},\"inLanguage\":\"en-US\",\"potentialAction\":[{\"@type\":\"ReadAction\",\"target\":[\"https:\\\/\\\/www.auxsons.com\\\/en\\\/album\\\/kabar-jako\\\/\"]}]},{\"@type\":\"ImageObject\",\"inLanguage\":\"en-US\",\"@id\":\"https:\\\/\\\/www.auxsons.com\\\/en\\\/album\\\/kabar-jako\\\/#primaryimage\",\"url\":\"https:\\\/\\\/www.auxsons.com\\\/wp-content\\\/uploads\\\/2022\\\/09\\\/kabarjako-1000.jpg\",\"contentUrl\":\"https:\\\/\\\/www.auxsons.com\\\/wp-content\\\/uploads\\\/2022\\\/09\\\/kabarjako-1000.jpg\",\"width\":1000,\"height\":1000,\"caption\":\"Kabarjako 1000\"},{\"@type\":\"BreadcrumbList\",\"@id\":\"https:\\\/\\\/www.auxsons.com\\\/en\\\/album\\\/kabar-jako\\\/#breadcrumb\",\"itemListElement\":[{\"@type\":\"ListItem\",\"position\":1,\"name\":\"Accueil\",\"item\":\"https:\\\/\\\/www.auxsons.com\\\/en\\\/\"},{\"@type\":\"ListItem\",\"position\":2,\"name\":\"Albums\",\"item\":\"https:\\\/\\\/www.auxsons.com\\\/en\\\/album\\\/\"},{\"@type\":\"ListItem\",\"position\":3,\"name\":\"Kabar Jako\"}]},{\"@type\":\"WebSite\",\"@id\":\"https:\\\/\\\/www.auxsons.com\\\/en\\\/#website\",\"url\":\"https:\\\/\\\/www.auxsons.com\\\/en\\\/\",\"name\":\"#AuxSons\",\"description\":\"Musiques &amp; Vibrations du Monde\",\"publisher\":{\"@id\":\"https:\\\/\\\/www.auxsons.com\\\/en\\\/#organization\"},\"potentialAction\":[{\"@type\":\"SearchAction\",\"target\":{\"@type\":\"EntryPoint\",\"urlTemplate\":\"https:\\\/\\\/www.auxsons.com\\\/en\\\/?s={search_term_string}\"},\"query-input\":{\"@type\":\"PropertyValueSpecification\",\"valueRequired\":true,\"valueName\":\"search_term_string\"}}],\"inLanguage\":\"en-US\"},{\"@type\":\"Organization\",\"@id\":\"https:\\\/\\\/www.auxsons.com\\\/en\\\/#organization\",\"name\":\"#AuxSons\",\"url\":\"https:\\\/\\\/www.auxsons.com\\\/en\\\/\",\"logo\":{\"@type\":\"ImageObject\",\"inLanguage\":\"en-US\",\"@id\":\"https:\\\/\\\/www.auxsons.com\\\/en\\\/#\\\/schema\\\/logo\\\/image\\\/\",\"url\":\"https:\\\/\\\/www.auxsons.com\\\/wp-content\\\/uploads\\\/2018\\\/10\\\/logo-aux-sons@2x.png\",\"contentUrl\":\"https:\\\/\\\/www.auxsons.com\\\/wp-content\\\/uploads\\\/2018\\\/10\\\/logo-aux-sons@2x.png\",\"width\":320,\"height\":192,\"caption\":\"#AuxSons\"},\"image\":{\"@id\":\"https:\\\/\\\/www.auxsons.com\\\/en\\\/#\\\/schema\\\/logo\\\/image\\\/\"},\"sameAs\":[\"https:\\\/\\\/www.facebook.com\\\/auxsons\\\/\",\"https:\\\/\\\/x.com\\\/auxsons\",\"https:\\\/\\\/www.instagram.com\\\/auxsons\\\/\",\"https:\\\/\\\/www.youtube.com\\\/channel\\\/UC_NjOjgZNHW-6MaXKWavFKQ\"]}]}<\/script>\n<!-- \/ Yoast SEO plugin. -->","yoast_head_json":{"title":"Kabar Jako - #AuxSons","description":"Le retour de Jako Maron avec son trio Kabar Jako pour un premier album maloya acid trance ! Jako Maron a d\u00e9j\u00e0 une carri\u00e8re nationale et internationale","robots":{"index":"index","follow":"follow","max-snippet":"max-snippet:-1","max-image-preview":"max-image-preview:large","max-video-preview":"max-video-preview:-1"},"canonical":"https:\/\/www.auxsons.com\/en\/album\/kabar-jako\/","og_locale":"en_US","og_type":"article","og_title":"Kabar Jako - #AuxSons","og_description":"Le retour de Jako Maron avec son trio Kabar Jako pour un premier album maloya acid trance ! Jako Maron a d\u00e9j\u00e0 une carri\u00e8re nationale et internationale","og_url":"https:\/\/www.auxsons.com\/en\/album\/kabar-jako\/","og_site_name":"#AuxSons","article_publisher":"https:\/\/www.facebook.com\/auxsons\/","article_modified_time":"2022-09-27T08:46:34+00:00","og_image":[{"width":1000,"height":1000,"url":"https:\/\/www.auxsons.com\/wp-content\/uploads\/2022\/09\/kabarjako-1000.jpg","type":"image\/jpeg"}],"twitter_card":"summary_large_image","twitter_site":"@auxsons","twitter_misc":{"Est. reading time":"1 minute"},"schema":{"@context":"https:\/\/schema.org","@graph":[{"@type":"WebPage","@id":"https:\/\/www.auxsons.com\/en\/album\/kabar-jako\/","url":"https:\/\/www.auxsons.com\/en\/album\/kabar-jako\/","name":"Kabar Jako - #AuxSons","isPartOf":{"@id":"https:\/\/www.auxsons.com\/en\/#website"},"primaryImageOfPage":{"@id":"https:\/\/www.auxsons.com\/en\/album\/kabar-jako\/#primaryimage"},"image":{"@id":"https:\/\/www.auxsons.com\/en\/album\/kabar-jako\/#primaryimage"},"thumbnailUrl":"https:\/\/www.auxsons.com\/wp-content\/uploads\/2022\/09\/kabarjako-1000.jpg","datePublished":"2022-09-26T07:58:09+00:00","dateModified":"2022-09-27T08:46:34+00:00","description":"Le retour de Jako Maron avec son trio Kabar Jako pour un premier album maloya acid trance ! Jako Maron a d\u00e9j\u00e0 une carri\u00e8re nationale et internationale","breadcrumb":{"@id":"https:\/\/www.auxsons.com\/en\/album\/kabar-jako\/#breadcrumb"},"inLanguage":"en-US","potentialAction":[{"@type":"ReadAction","target":["https:\/\/www.auxsons.com\/en\/album\/kabar-jako\/"]}]},{"@type":"ImageObject","inLanguage":"en-US","@id":"https:\/\/www.auxsons.com\/en\/album\/kabar-jako\/#primaryimage","url":"https:\/\/www.auxsons.com\/wp-content\/uploads\/2022\/09\/kabarjako-1000.jpg","contentUrl":"https:\/\/www.auxsons.com\/wp-content\/uploads\/2022\/09\/kabarjako-1000.jpg","width":1000,"height":1000,"caption":"Kabarjako 1000"},{"@type":"BreadcrumbList","@id":"https:\/\/www.auxsons.com\/en\/album\/kabar-jako\/#breadcrumb","itemListElement":[{"@type":"ListItem","position":1,"name":"Accueil","item":"https:\/\/www.auxsons.com\/en\/"},{"@type":"ListItem","position":2,"name":"Albums","item":"https:\/\/www.auxsons.com\/en\/album\/"},{"@type":"ListItem","position":3,"name":"Kabar Jako"}]},{"@type":"WebSite","@id":"https:\/\/www.auxsons.com\/en\/#website","url":"https:\/\/www.auxsons.com\/en\/","name":"#AuxSons","description":"Musiques &amp; Vibrations du Monde","publisher":{"@id":"https:\/\/www.auxsons.com\/en\/#organization"},"potentialAction":[{"@type":"SearchAction","target":{"@type":"EntryPoint","urlTemplate":"https:\/\/www.auxsons.com\/en\/?s={search_term_string}"},"query-input":{"@type":"PropertyValueSpecification","valueRequired":true,"valueName":"search_term_string"}}],"inLanguage":"en-US"},{"@type":"Organization","@id":"https:\/\/www.auxsons.com\/en\/#organization","name":"#AuxSons","url":"https:\/\/www.auxsons.com\/en\/","logo":{"@type":"ImageObject","inLanguage":"en-US","@id":"https:\/\/www.auxsons.com\/en\/#\/schema\/logo\/image\/","url":"https:\/\/www.auxsons.com\/wp-content\/uploads\/2018\/10\/logo-aux-sons@2x.png","contentUrl":"https:\/\/www.auxsons.com\/wp-content\/uploads\/2018\/10\/logo-aux-sons@2x.png","width":320,"height":192,"caption":"#AuxSons"},"image":{"@id":"https:\/\/www.auxsons.com\/en\/#\/schema\/logo\/image\/"},"sameAs":["https:\/\/www.facebook.com\/auxsons\/","https:\/\/x.com\/auxsons","https:\/\/www.instagram.com\/auxsons\/","https:\/\/www.youtube.com\/channel\/UC_NjOjgZNHW-6MaXKWavFKQ"]}]}},"_links":{"self":[{"href":"https:\/\/www.auxsons.com\/en\/wp-json\/wp\/v2\/album\/25061","targetHints":{"allow":["GET"]}}],"collection":[{"href":"https:\/\/www.auxsons.com\/en\/wp-json\/wp\/v2\/album"}],"about":[{"href":"https:\/\/www.auxsons.com\/en\/wp-json\/wp\/v2\/types\/album"}],"author":[{"embeddable":true,"href":"https:\/\/www.auxsons.com\/en\/wp-json\/wp\/v2\/users\/469"}],"version-history":[{"count":0,"href":"https:\/\/www.auxsons.com\/en\/wp-json\/wp\/v2\/album\/25061\/revisions"}],"wp:featuredmedia":[{"embeddable":true,"href":"https:\/\/www.auxsons.com\/en\/wp-json\/wp\/v2\/media\/25059"}],"wp:attachment":[{"href":"https:\/\/www.auxsons.com\/en\/wp-json\/wp\/v2\/media?parent=25061"}],"curies":[{"name":"wp","href":"https:\/\/api.w.org\/{rel}","templated":true}]}}

<p><strong>Le retour de Jako Maron avec son trio Kabar Jako pour un premi</strong><strong>er album maloya acid trance&nbsp;!</strong></p>
<p><strong>Jako Maron</strong> a déjà une carrière nationale et internationale après 4 albums dont les musiques sont jouées dans le monde entier. Le revoici avec un nouveau projet qui donne lieu à l’album <em>Kabar Jako</em>. Car Jako Maron n’est plus seul derrière ses machines, le voici désormais en trio dans l’esprit qui souffle des entrailles <strong>musicales réunionnaises :</strong> le&nbsp;<span class="caps">KABAR</span>.</p>
<p>Avec lui, le vertigineux percussionniste Jean Amemoutou-Laope (sati, pikèr, kayamb, tous instruments de bois et de tôle), et le chanteur Axel Sautron, fabriquent un <strong>Maloya Electro scandé entêtant.</strong></p>
<p>Jako Maron continue de creuser son sillon exigeant vers un équilibre sonique qui n’appartient qu’à lui. Le musicien autodidacte pionniers de la production electro expérimentale s’empare de la liberté que lui offre les machines pour ouvrir sa musique à ce Kabar Jako, qui plonge l’électro dans la poussière de “la kour”, lieu créole qui désigne autant la terre battue devant la case en tôle que le béton de la&nbsp;cité.</p>
<p>★ Retrouvez <em>Kabar Jako</em> en concert <strong>vendredi 14 oct au </strong><strong>Bar à Bulles à <span class="caps">18H</span></strong> <em>(4 Cité Véron, 75018&nbsp;Paris)</em></p>
<p>&nbsp;</p>

<p>Le retour de Jako Maron avec son trio Kabar Jako pour un premier album maloya acid trance&nbsp;! Jako Maron a déjà une carrière nationale et internationale après 4 albums dont les musiques sont jouées dans le monde entier. Le revoici avec un nouveau projet qui donne lieu à l’album Kabar Jako. Car Jako Maron n’est</p>

<!-- This site is optimized with the Yoast SEO plugin v27.5 - https://yoast.com/product/yoast-seo-wordpress/ -->
<title>Kabar Jako - #AuxSons</title>
<meta name="description" content="Le retour de Jako Maron avec son trio Kabar Jako pour un premier album maloya acid trance ! Jako Maron a déjà une carrière nationale et internationale" />
<meta name="robots" content="index, follow, max-snippet:-1, max-image-preview:large, max-video-preview:-1" />
<link rel="canonical" href="https://www.auxsons.com/en/album/kabar-jako/" />
<meta property="og:locale" content="en_US" />
<meta property="og:type" content="article" />
<meta property="og:title" content="Kabar Jako - #AuxSons" />
<meta property="og:description" content="Le retour de Jako Maron avec son trio Kabar Jako pour un premier album maloya acid trance ! Jako Maron a déjà une carrière nationale et internationale" />
<meta property="og:url" content="https://www.auxsons.com/en/album/kabar-jako/" />
<meta property="og:site_name" content="#AuxSons" />
<meta property="article:publisher" content="https://www.facebook.com/auxsons/" />
<meta property="article:modified_time" content="2022-09-27T08:46:34+00:00" />
<meta property="og:image" content="https://www.auxsons.com/wp-content/uploads/2022/09/kabarjako-1000.jpg" />
	<meta property="og:image:width" content="1000" />
	<meta property="og:image:height" content="1000" />
	<meta property="og:image:type" content="image/jpeg" />
<meta name="twitter:card" content="summary_large_image" />
<meta name="twitter:site" content="@auxsons" />
<meta name="twitter:label1" content="Est. reading time" />
	<meta name="twitter:data1" content="1 minute" />
<script type="application/ld+json" class="yoast-schema-graph">{"@context":"https:\/\/schema.org","@graph":[{"@type":"WebPage","@id":"https:\/\/www.auxsons.com\/en\/album\/kabar-jako\/","url":"https:\/\/www.auxsons.com\/en\/album\/kabar-jako\/","name":"Kabar Jako - #AuxSons","isPartOf":{"@id":"https:\/\/www.auxsons.com\/en\/#website"},"primaryImageOfPage":{"@id":"https:\/\/www.auxsons.com\/en\/album\/kabar-jako\/#primaryimage"},"image":{"@id":"https:\/\/www.auxsons.com\/en\/album\/kabar-jako\/#primaryimage"},"thumbnailUrl":"https:\/\/www.auxsons.com\/wp-content\/uploads\/2022\/09\/kabarjako-1000.jpg","datePublished":"2022-09-26T07:58:09+00:00","dateModified":"2022-09-27T08:46:34+00:00","description":"Le retour de Jako Maron avec son trio Kabar Jako pour un premier album maloya acid trance ! Jako Maron a déjà une carrière nationale et internationale","breadcrumb":{"@id":"https:\/\/www.auxsons.com\/en\/album\/kabar-jako\/#breadcrumb"},"inLanguage":"en-US","potentialAction":[{"@type":"ReadAction","target":["https:\/\/www.auxsons.com\/en\/album\/kabar-jako\/"]}]},{"@type":"ImageObject","inLanguage":"en-US","@id":"https:\/\/www.auxsons.com\/en\/album\/kabar-jako\/#primaryimage","url":"https:\/\/www.auxsons.com\/wp-content\/uploads\/2022\/09\/kabarjako-1000.jpg","contentUrl":"https:\/\/www.auxsons.com\/wp-content\/uploads\/2022\/09\/kabarjako-1000.jpg","width":1000,"height":1000,"caption":"Kabarjako 1000"},{"@type":"BreadcrumbList","@id":"https:\/\/www.auxsons.com\/en\/album\/kabar-jako\/#breadcrumb","itemListElement":[{"@type":"ListItem","position":1,"name":"Accueil","item":"https:\/\/www.auxsons.com\/en\/"},{"@type":"ListItem","position":2,"name":"Albums","item":"https:\/\/www.auxsons.com\/en\/album\/"},{"@type":"ListItem","position":3,"name":"Kabar Jako"}]},{"@type":"WebSite","@id":"https:\/\/www.auxsons.com\/en\/#website","url":"https:\/\/www.auxsons.com\/en\/","name":"#AuxSons","description":"Musiques &amp; Vibrations du Monde","publisher":{"@id":"https:\/\/www.auxsons.com\/en\/#organization"},"potentialAction":[{"@type":"SearchAction","target":{"@type":"EntryPoint","urlTemplate":"https:\/\/www.auxsons.com\/en\/?s={search_term_string}"},"query-input":{"@type":"PropertyValueSpecification","valueRequired":true,"valueName":"search_term_string"}}],"inLanguage":"en-US"},{"@type":"Organization","@id":"https:\/\/www.auxsons.com\/en\/#organization","name":"#AuxSons","url":"https:\/\/www.auxsons.com\/en\/","logo":{"@type":"ImageObject","inLanguage":"en-US","@id":"https:\/\/www.auxsons.com\/en\/#\/schema\/logo\/image\/","url":"https:\/\/www.auxsons.com\/wp-content\/uploads\/2018\/10\/logo-aux-sons@2x.png","contentUrl":"https:\/\/www.auxsons.com\/wp-content\/uploads\/2018\/10\/logo-aux-sons@2x.png","width":320,"height":192,"caption":"#AuxSons"},"image":{"@id":"https:\/\/www.auxsons.com\/en\/#\/schema\/logo\/image\/"},"sameAs":["https:\/\/www.facebook.com\/auxsons\/","https:\/\/x.com\/auxsons","https:\/\/www.instagram.com\/auxsons\/","https:\/\/www.youtube.com\/channel\/UC_NjOjgZNHW-6MaXKWavFKQ"]}]}</script>
<!-- / Yoast SEO plugin. -->

Le retour de Jako Maron avec son trio Kabar Jako pour un premier album maloya acid trance ! Jako Maron a déjà une carrière nationale et internationale
