{"id":17852,"date":"2021-06-16T14:47:06","date_gmt":"2021-06-16T12:47:06","guid":{"rendered":"http:\/\/www.auxsons.com\/?post_type=album&#038;p=17852"},"modified":"2021-06-16T14:47:06","modified_gmt":"2021-06-16T12:47:06","slug":"otro-mundo","status":"publish","type":"album","link":"https:\/\/www.auxsons.com\/en\/album\/otro-mundo\/","title":{"rendered":"Otro Mundo"},"content":{"rendered":"<p>D\u2019appropriation en recr\u00e9ation, Tato revisite le son cubain et le jazz m\u00e9diterran\u00e9en en l\u2019int\u00e9grant \u00e0 sa rumba, une rumba sans fronti\u00e8re, ouverte sur le monde. Sa musique transgresse les styles pour se fondre dans le hip hop de Nemir. Elle inspire les Djs les plus en vue, tels que Ashley Beedle, Art of Tones, Jeff The Fish ou Raph Dumas pour des remix du titre <em>La Rumba Me Va<\/em> extrait de son dernier album <em>El Mundo<\/em>.<\/p>\n<p>Avec ce nouvel <span class=\"caps\">EP<\/span>, les Djs producteurs fran\u00e7ais Rocco Rodamaal et Dandyguel, le br\u00e9silien Fradinho et le londonien Born74 revisitent de nouvelles compositions de Tato alternant groove old school, \u00e9lectro, new jazz et broken beat afin d\u2019enflammer tous les dance&nbsp;floor.<\/p>\n<p><a href=\"https:\/\/karuprod.bandcamp.com\/album\/otro-mundo-remix\" target=\"_blank\" rel=\"noopener\"><strong>lien d\u2019\u00e9coute<\/strong><\/a><\/p>\n","protected":false},"excerpt":{"rendered":"<p>D\u2019appropriation en recr\u00e9ation, Tato revisite le son cubain et le jazz m\u00e9diterran\u00e9en en l\u2019int\u00e9grant \u00e0 sa rumba, une rumba sans fronti\u00e8re, ouverte sur le monde. Sa musique transgresse les styles pour se fondre dans le hip hop de Nemir. Elle inspire les Djs les plus en vue, tels que Ashley Beedle, Art of Tones, Jeff<\/p>\n","protected":false},"author":194,"featured_media":17850,"template":"","meta":{"_acf_changed":false,"wp_typography_post_enhancements_disabled":false,"footnotes":""},"class_list":["post-17852","album","type-album","status-publish","has-post-thumbnail","hentry"],"acf":[],"yoast_head":"<!-- This site is optimized with the Yoast SEO plugin v27.5 - https:\/\/yoast.com\/product\/yoast-seo-wordpress\/ -->\n<title>Otro Mundo - #AuxSons<\/title>\n<meta name=\"description\" content=\"D\u2019appropriation en recr\u00e9ation, Tato revisite le son cubain et le jazz m\u00e9diterran\u00e9en en l\u2019int\u00e9grant \u00e0 sa rumba, une rumba sans fronti\u00e8re, ouverte sur le\" \/>\n<meta name=\"robots\" content=\"index, follow, max-snippet:-1, max-image-preview:large, max-video-preview:-1\" \/>\n<link rel=\"canonical\" href=\"https:\/\/www.auxsons.com\/en\/album\/otro-mundo\/\" \/>\n<meta property=\"og:locale\" content=\"en_US\" \/>\n<meta property=\"og:type\" content=\"article\" \/>\n<meta property=\"og:title\" content=\"Otro Mundo - #AuxSons\" \/>\n<meta property=\"og:description\" content=\"D\u2019appropriation en recr\u00e9ation, Tato revisite le son cubain et le jazz m\u00e9diterran\u00e9en en l\u2019int\u00e9grant \u00e0 sa rumba, une rumba sans fronti\u00e8re, ouverte sur le\" \/>\n<meta property=\"og:url\" content=\"https:\/\/www.auxsons.com\/en\/album\/otro-mundo\/\" \/>\n<meta property=\"og:site_name\" content=\"#AuxSons\" \/>\n<meta property=\"article:publisher\" content=\"https:\/\/www.facebook.com\/auxsons\/\" \/>\n<meta property=\"og:image\" content=\"https:\/\/www.auxsons.com\/wp-content\/uploads\/2021\/06\/cover-otro-mundo-scaled.jpg\" \/>\n\t<meta property=\"og:image:width\" content=\"1920\" \/>\n\t<meta property=\"og:image:height\" content=\"1920\" \/>\n\t<meta property=\"og:image:type\" content=\"image\/jpeg\" \/>\n<meta name=\"twitter:card\" content=\"summary_large_image\" \/>\n<meta name=\"twitter:site\" content=\"@auxsons\" \/>\n<meta name=\"twitter:label1\" content=\"Est. reading time\" \/>\n\t<meta name=\"twitter:data1\" content=\"1 minute\" \/>\n<script type=\"application\/ld+json\" class=\"yoast-schema-graph\">{\"@context\":\"https:\\\/\\\/schema.org\",\"@graph\":[{\"@type\":\"WebPage\",\"@id\":\"https:\\\/\\\/www.auxsons.com\\\/en\\\/album\\\/otro-mundo\\\/\",\"url\":\"https:\\\/\\\/www.auxsons.com\\\/en\\\/album\\\/otro-mundo\\\/\",\"name\":\"Otro Mundo - #AuxSons\",\"isPartOf\":{\"@id\":\"https:\\\/\\\/www.auxsons.com\\\/en\\\/#website\"},\"primaryImageOfPage\":{\"@id\":\"https:\\\/\\\/www.auxsons.com\\\/en\\\/album\\\/otro-mundo\\\/#primaryimage\"},\"image\":{\"@id\":\"https:\\\/\\\/www.auxsons.com\\\/en\\\/album\\\/otro-mundo\\\/#primaryimage\"},\"thumbnailUrl\":\"https:\\\/\\\/www.auxsons.com\\\/wp-content\\\/uploads\\\/2021\\\/06\\\/cover-otro-mundo-scaled.jpg\",\"datePublished\":\"2021-06-16T12:47:06+00:00\",\"description\":\"D\u2019appropriation en recr\u00e9ation, Tato revisite le son cubain et le jazz m\u00e9diterran\u00e9en en l\u2019int\u00e9grant \u00e0 sa rumba, une rumba sans fronti\u00e8re, ouverte sur le\",\"breadcrumb\":{\"@id\":\"https:\\\/\\\/www.auxsons.com\\\/en\\\/album\\\/otro-mundo\\\/#breadcrumb\"},\"inLanguage\":\"en-US\",\"potentialAction\":[{\"@type\":\"ReadAction\",\"target\":[\"https:\\\/\\\/www.auxsons.com\\\/en\\\/album\\\/otro-mundo\\\/\"]}]},{\"@type\":\"ImageObject\",\"inLanguage\":\"en-US\",\"@id\":\"https:\\\/\\\/www.auxsons.com\\\/en\\\/album\\\/otro-mundo\\\/#primaryimage\",\"url\":\"https:\\\/\\\/www.auxsons.com\\\/wp-content\\\/uploads\\\/2021\\\/06\\\/cover-otro-mundo-scaled.jpg\",\"contentUrl\":\"https:\\\/\\\/www.auxsons.com\\\/wp-content\\\/uploads\\\/2021\\\/06\\\/cover-otro-mundo-scaled.jpg\",\"width\":1920,\"height\":1920,\"caption\":\"Cover Otro Mundo\"},{\"@type\":\"BreadcrumbList\",\"@id\":\"https:\\\/\\\/www.auxsons.com\\\/en\\\/album\\\/otro-mundo\\\/#breadcrumb\",\"itemListElement\":[{\"@type\":\"ListItem\",\"position\":1,\"name\":\"Accueil\",\"item\":\"https:\\\/\\\/www.auxsons.com\\\/en\\\/\"},{\"@type\":\"ListItem\",\"position\":2,\"name\":\"Albums\",\"item\":\"https:\\\/\\\/www.auxsons.com\\\/en\\\/album\\\/\"},{\"@type\":\"ListItem\",\"position\":3,\"name\":\"Otro Mundo\"}]},{\"@type\":\"WebSite\",\"@id\":\"https:\\\/\\\/www.auxsons.com\\\/en\\\/#website\",\"url\":\"https:\\\/\\\/www.auxsons.com\\\/en\\\/\",\"name\":\"#AuxSons\",\"description\":\"Musiques &amp; Vibrations du Monde\",\"publisher\":{\"@id\":\"https:\\\/\\\/www.auxsons.com\\\/en\\\/#organization\"},\"potentialAction\":[{\"@type\":\"SearchAction\",\"target\":{\"@type\":\"EntryPoint\",\"urlTemplate\":\"https:\\\/\\\/www.auxsons.com\\\/en\\\/?s={search_term_string}\"},\"query-input\":{\"@type\":\"PropertyValueSpecification\",\"valueRequired\":true,\"valueName\":\"search_term_string\"}}],\"inLanguage\":\"en-US\"},{\"@type\":\"Organization\",\"@id\":\"https:\\\/\\\/www.auxsons.com\\\/en\\\/#organization\",\"name\":\"#AuxSons\",\"url\":\"https:\\\/\\\/www.auxsons.com\\\/en\\\/\",\"logo\":{\"@type\":\"ImageObject\",\"inLanguage\":\"en-US\",\"@id\":\"https:\\\/\\\/www.auxsons.com\\\/en\\\/#\\\/schema\\\/logo\\\/image\\\/\",\"url\":\"https:\\\/\\\/www.auxsons.com\\\/wp-content\\\/uploads\\\/2018\\\/10\\\/logo-aux-sons@2x.png\",\"contentUrl\":\"https:\\\/\\\/www.auxsons.com\\\/wp-content\\\/uploads\\\/2018\\\/10\\\/logo-aux-sons@2x.png\",\"width\":320,\"height\":192,\"caption\":\"#AuxSons\"},\"image\":{\"@id\":\"https:\\\/\\\/www.auxsons.com\\\/en\\\/#\\\/schema\\\/logo\\\/image\\\/\"},\"sameAs\":[\"https:\\\/\\\/www.facebook.com\\\/auxsons\\\/\",\"https:\\\/\\\/x.com\\\/auxsons\",\"https:\\\/\\\/www.instagram.com\\\/auxsons\\\/\",\"https:\\\/\\\/www.youtube.com\\\/channel\\\/UC_NjOjgZNHW-6MaXKWavFKQ\"]}]}<\/script>\n<!-- \/ Yoast SEO plugin. -->","yoast_head_json":{"title":"Otro Mundo - #AuxSons","description":"D\u2019appropriation en recr\u00e9ation, Tato revisite le son cubain et le jazz m\u00e9diterran\u00e9en en l\u2019int\u00e9grant \u00e0 sa rumba, une rumba sans fronti\u00e8re, ouverte sur le","robots":{"index":"index","follow":"follow","max-snippet":"max-snippet:-1","max-image-preview":"max-image-preview:large","max-video-preview":"max-video-preview:-1"},"canonical":"https:\/\/www.auxsons.com\/en\/album\/otro-mundo\/","og_locale":"en_US","og_type":"article","og_title":"Otro Mundo - #AuxSons","og_description":"D\u2019appropriation en recr\u00e9ation, Tato revisite le son cubain et le jazz m\u00e9diterran\u00e9en en l\u2019int\u00e9grant \u00e0 sa rumba, une rumba sans fronti\u00e8re, ouverte sur le","og_url":"https:\/\/www.auxsons.com\/en\/album\/otro-mundo\/","og_site_name":"#AuxSons","article_publisher":"https:\/\/www.facebook.com\/auxsons\/","og_image":[{"width":1920,"height":1920,"url":"https:\/\/www.auxsons.com\/wp-content\/uploads\/2021\/06\/cover-otro-mundo-scaled.jpg","type":"image\/jpeg"}],"twitter_card":"summary_large_image","twitter_site":"@auxsons","twitter_misc":{"Est. reading time":"1 minute"},"schema":{"@context":"https:\/\/schema.org","@graph":[{"@type":"WebPage","@id":"https:\/\/www.auxsons.com\/en\/album\/otro-mundo\/","url":"https:\/\/www.auxsons.com\/en\/album\/otro-mundo\/","name":"Otro Mundo - #AuxSons","isPartOf":{"@id":"https:\/\/www.auxsons.com\/en\/#website"},"primaryImageOfPage":{"@id":"https:\/\/www.auxsons.com\/en\/album\/otro-mundo\/#primaryimage"},"image":{"@id":"https:\/\/www.auxsons.com\/en\/album\/otro-mundo\/#primaryimage"},"thumbnailUrl":"https:\/\/www.auxsons.com\/wp-content\/uploads\/2021\/06\/cover-otro-mundo-scaled.jpg","datePublished":"2021-06-16T12:47:06+00:00","description":"D\u2019appropriation en recr\u00e9ation, Tato revisite le son cubain et le jazz m\u00e9diterran\u00e9en en l\u2019int\u00e9grant \u00e0 sa rumba, une rumba sans fronti\u00e8re, ouverte sur le","breadcrumb":{"@id":"https:\/\/www.auxsons.com\/en\/album\/otro-mundo\/#breadcrumb"},"inLanguage":"en-US","potentialAction":[{"@type":"ReadAction","target":["https:\/\/www.auxsons.com\/en\/album\/otro-mundo\/"]}]},{"@type":"ImageObject","inLanguage":"en-US","@id":"https:\/\/www.auxsons.com\/en\/album\/otro-mundo\/#primaryimage","url":"https:\/\/www.auxsons.com\/wp-content\/uploads\/2021\/06\/cover-otro-mundo-scaled.jpg","contentUrl":"https:\/\/www.auxsons.com\/wp-content\/uploads\/2021\/06\/cover-otro-mundo-scaled.jpg","width":1920,"height":1920,"caption":"Cover Otro Mundo"},{"@type":"BreadcrumbList","@id":"https:\/\/www.auxsons.com\/en\/album\/otro-mundo\/#breadcrumb","itemListElement":[{"@type":"ListItem","position":1,"name":"Accueil","item":"https:\/\/www.auxsons.com\/en\/"},{"@type":"ListItem","position":2,"name":"Albums","item":"https:\/\/www.auxsons.com\/en\/album\/"},{"@type":"ListItem","position":3,"name":"Otro Mundo"}]},{"@type":"WebSite","@id":"https:\/\/www.auxsons.com\/en\/#website","url":"https:\/\/www.auxsons.com\/en\/","name":"#AuxSons","description":"Musiques &amp; Vibrations du Monde","publisher":{"@id":"https:\/\/www.auxsons.com\/en\/#organization"},"potentialAction":[{"@type":"SearchAction","target":{"@type":"EntryPoint","urlTemplate":"https:\/\/www.auxsons.com\/en\/?s={search_term_string}"},"query-input":{"@type":"PropertyValueSpecification","valueRequired":true,"valueName":"search_term_string"}}],"inLanguage":"en-US"},{"@type":"Organization","@id":"https:\/\/www.auxsons.com\/en\/#organization","name":"#AuxSons","url":"https:\/\/www.auxsons.com\/en\/","logo":{"@type":"ImageObject","inLanguage":"en-US","@id":"https:\/\/www.auxsons.com\/en\/#\/schema\/logo\/image\/","url":"https:\/\/www.auxsons.com\/wp-content\/uploads\/2018\/10\/logo-aux-sons@2x.png","contentUrl":"https:\/\/www.auxsons.com\/wp-content\/uploads\/2018\/10\/logo-aux-sons@2x.png","width":320,"height":192,"caption":"#AuxSons"},"image":{"@id":"https:\/\/www.auxsons.com\/en\/#\/schema\/logo\/image\/"},"sameAs":["https:\/\/www.facebook.com\/auxsons\/","https:\/\/x.com\/auxsons","https:\/\/www.instagram.com\/auxsons\/","https:\/\/www.youtube.com\/channel\/UC_NjOjgZNHW-6MaXKWavFKQ"]}]}},"_links":{"self":[{"href":"https:\/\/www.auxsons.com\/en\/wp-json\/wp\/v2\/album\/17852","targetHints":{"allow":["GET"]}}],"collection":[{"href":"https:\/\/www.auxsons.com\/en\/wp-json\/wp\/v2\/album"}],"about":[{"href":"https:\/\/www.auxsons.com\/en\/wp-json\/wp\/v2\/types\/album"}],"author":[{"embeddable":true,"href":"https:\/\/www.auxsons.com\/en\/wp-json\/wp\/v2\/users\/194"}],"version-history":[{"count":0,"href":"https:\/\/www.auxsons.com\/en\/wp-json\/wp\/v2\/album\/17852\/revisions"}],"wp:featuredmedia":[{"embeddable":true,"href":"https:\/\/www.auxsons.com\/en\/wp-json\/wp\/v2\/media\/17850"}],"wp:attachment":[{"href":"https:\/\/www.auxsons.com\/en\/wp-json\/wp\/v2\/media?parent=17852"}],"curies":[{"name":"wp","href":"https:\/\/api.w.org\/{rel}","templated":true}]}}

<p>D’appropriation en recréation, Tato revisite le son cubain et le jazz méditerranéen en l’intégrant à sa rumba, une rumba sans frontière, ouverte sur le monde. Sa musique transgresse les styles pour se fondre dans le hip hop de Nemir. Elle inspire les Djs les plus en vue, tels que Ashley Beedle, Art of Tones, Jeff The Fish ou Raph Dumas pour des remix du titre <em>La Rumba Me Va</em> extrait de son dernier album <em>El Mundo</em>.</p>
<p>Avec ce nouvel <span class="caps">EP</span>, les Djs producteurs français Rocco Rodamaal et Dandyguel, le brésilien Fradinho et le londonien Born74 revisitent de nouvelles compositions de Tato alternant groove old school, électro, new jazz et broken beat afin d’enflammer tous les dance&nbsp;floor.</p>
<p><a href="https://karuprod.bandcamp.com/album/otro-mundo-remix" target="_blank" rel="noopener"><strong>lien d’écoute</strong></a></p>

<p>D’appropriation en recréation, Tato revisite le son cubain et le jazz méditerranéen en l’intégrant à sa rumba, une rumba sans frontière, ouverte sur le monde. Sa musique transgresse les styles pour se fondre dans le hip hop de Nemir. Elle inspire les Djs les plus en vue, tels que Ashley Beedle, Art of Tones, Jeff</p>

<!-- This site is optimized with the Yoast SEO plugin v27.5 - https://yoast.com/product/yoast-seo-wordpress/ -->
<title>Otro Mundo - #AuxSons</title>
<meta name="description" content="D’appropriation en recréation, Tato revisite le son cubain et le jazz méditerranéen en l’intégrant à sa rumba, une rumba sans frontière, ouverte sur le" />
<meta name="robots" content="index, follow, max-snippet:-1, max-image-preview:large, max-video-preview:-1" />
<link rel="canonical" href="https://www.auxsons.com/en/album/otro-mundo/" />
<meta property="og:locale" content="en_US" />
<meta property="og:type" content="article" />
<meta property="og:title" content="Otro Mundo - #AuxSons" />
<meta property="og:description" content="D’appropriation en recréation, Tato revisite le son cubain et le jazz méditerranéen en l’intégrant à sa rumba, une rumba sans frontière, ouverte sur le" />
<meta property="og:url" content="https://www.auxsons.com/en/album/otro-mundo/" />
<meta property="og:site_name" content="#AuxSons" />
<meta property="article:publisher" content="https://www.facebook.com/auxsons/" />
<meta property="og:image" content="https://www.auxsons.com/wp-content/uploads/2021/06/cover-otro-mundo-scaled.jpg" />
	<meta property="og:image:width" content="1920" />
	<meta property="og:image:height" content="1920" />
	<meta property="og:image:type" content="image/jpeg" />
<meta name="twitter:card" content="summary_large_image" />
<meta name="twitter:site" content="@auxsons" />
<meta name="twitter:label1" content="Est. reading time" />
	<meta name="twitter:data1" content="1 minute" />
<script type="application/ld+json" class="yoast-schema-graph">{"@context":"https:\/\/schema.org","@graph":[{"@type":"WebPage","@id":"https:\/\/www.auxsons.com\/en\/album\/otro-mundo\/","url":"https:\/\/www.auxsons.com\/en\/album\/otro-mundo\/","name":"Otro Mundo - #AuxSons","isPartOf":{"@id":"https:\/\/www.auxsons.com\/en\/#website"},"primaryImageOfPage":{"@id":"https:\/\/www.auxsons.com\/en\/album\/otro-mundo\/#primaryimage"},"image":{"@id":"https:\/\/www.auxsons.com\/en\/album\/otro-mundo\/#primaryimage"},"thumbnailUrl":"https:\/\/www.auxsons.com\/wp-content\/uploads\/2021\/06\/cover-otro-mundo-scaled.jpg","datePublished":"2021-06-16T12:47:06+00:00","description":"D’appropriation en recréation, Tato revisite le son cubain et le jazz méditerranéen en l’intégrant à sa rumba, une rumba sans frontière, ouverte sur le","breadcrumb":{"@id":"https:\/\/www.auxsons.com\/en\/album\/otro-mundo\/#breadcrumb"},"inLanguage":"en-US","potentialAction":[{"@type":"ReadAction","target":["https:\/\/www.auxsons.com\/en\/album\/otro-mundo\/"]}]},{"@type":"ImageObject","inLanguage":"en-US","@id":"https:\/\/www.auxsons.com\/en\/album\/otro-mundo\/#primaryimage","url":"https:\/\/www.auxsons.com\/wp-content\/uploads\/2021\/06\/cover-otro-mundo-scaled.jpg","contentUrl":"https:\/\/www.auxsons.com\/wp-content\/uploads\/2021\/06\/cover-otro-mundo-scaled.jpg","width":1920,"height":1920,"caption":"Cover Otro Mundo"},{"@type":"BreadcrumbList","@id":"https:\/\/www.auxsons.com\/en\/album\/otro-mundo\/#breadcrumb","itemListElement":[{"@type":"ListItem","position":1,"name":"Accueil","item":"https:\/\/www.auxsons.com\/en\/"},{"@type":"ListItem","position":2,"name":"Albums","item":"https:\/\/www.auxsons.com\/en\/album\/"},{"@type":"ListItem","position":3,"name":"Otro Mundo"}]},{"@type":"WebSite","@id":"https:\/\/www.auxsons.com\/en\/#website","url":"https:\/\/www.auxsons.com\/en\/","name":"#AuxSons","description":"Musiques &amp; Vibrations du Monde","publisher":{"@id":"https:\/\/www.auxsons.com\/en\/#organization"},"potentialAction":[{"@type":"SearchAction","target":{"@type":"EntryPoint","urlTemplate":"https:\/\/www.auxsons.com\/en\/?s={search_term_string}"},"query-input":{"@type":"PropertyValueSpecification","valueRequired":true,"valueName":"search_term_string"}}],"inLanguage":"en-US"},{"@type":"Organization","@id":"https:\/\/www.auxsons.com\/en\/#organization","name":"#AuxSons","url":"https:\/\/www.auxsons.com\/en\/","logo":{"@type":"ImageObject","inLanguage":"en-US","@id":"https:\/\/www.auxsons.com\/en\/#\/schema\/logo\/image\/","url":"https:\/\/www.auxsons.com\/wp-content\/uploads\/2018\/10\/logo-aux-sons@2x.png","contentUrl":"https:\/\/www.auxsons.com\/wp-content\/uploads\/2018\/10\/logo-aux-sons@2x.png","width":320,"height":192,"caption":"#AuxSons"},"image":{"@id":"https:\/\/www.auxsons.com\/en\/#\/schema\/logo\/image\/"},"sameAs":["https:\/\/www.facebook.com\/auxsons\/","https:\/\/x.com\/auxsons","https:\/\/www.instagram.com\/auxsons\/","https:\/\/www.youtube.com\/channel\/UC_NjOjgZNHW-6MaXKWavFKQ"]}]}</script>
<!-- / Yoast SEO plugin. -->

D’appropriation en recréation, Tato revisite le son cubain et le jazz méditerranéen en l’intégrant à sa rumba, une rumba sans frontière, ouverte sur le
